{"id":460,"date":"2021-06-27T21:28:17","date_gmt":"2021-06-27T21:28:17","guid":{"rendered":"https:\/\/larson-demo.bslthemes.com\/?page_id=460"},"modified":"2024-05-09T15:44:34","modified_gmt":"2024-05-09T15:44:34","slug":"projetos","status":"publish","type":"page","link":"https:\/\/platanoincorporadora.com.br\/?page_id=460","title":{"rendered":"Projetos"},"content":{"rendered":"\t\t<div data-elementor-type=\"wp-page\" data-elementor-id=\"460\" class=\"elementor elementor-460\">\n\t\t\t\t<div class=\"elementor-element elementor-element-601cb11 e-con-full e-flex e-con e-parent\" data-id=\"601cb11\" data-element_type=\"container\" data-settings=\"{&quot;background_background&quot;:&quot;classic&quot;}\">\n\t\t\t\t<div class=\"elementor-element elementor-element-ad2d1a9 elementor-widget elementor-widget-larson-intro\" data-id=\"ad2d1a9\" data-element_type=\"widget\" data-widget_type=\"larson-intro.default\">\n\t\t\t\t<div class=\"elementor-widget-container\">\n\t\t\t\n\t\t<article class=\"article\">\n\t        <header class=\"article__header\">\n\t          <div class=\"container\">\n\t            \t            <h1 class=\"article__heading heading heading--size-large\">\n\t            \t<span >\n\t\t\t\t\t\tProjetos\t\t\t\t\t<\/span>\n\t            <\/h1>\n\t            \t            \t          <\/div>\n\t        <\/header>\n\t        \t    <\/article>\n\n\t\t\t\t<\/div>\n\t\t\t\t<\/div>\n\t\t<div class=\"elementor-element elementor-element-9e04a74 e-flex e-con-boxed e-con e-child\" data-id=\"9e04a74\" data-element_type=\"container\">\n\t\t\t\t\t<div class=\"e-con-inner\">\n\t\t\t\t<div class=\"elementor-element elementor-element-1e45bdf elementor-widget elementor-widget-text-editor\" data-id=\"1e45bdf\" data-element_type=\"widget\" data-widget_type=\"text-editor.default\">\n\t\t\t\t<div class=\"elementor-widget-container\">\n\t\t\t<style>\/*! elementor - v3.23.0 - 15-07-2024 *\/\n.elementor-widget-text-editor.elementor-drop-cap-view-stacked .elementor-drop-cap{background-color:#69727d;color:#fff}.elementor-widget-text-editor.elementor-drop-cap-view-framed .elementor-drop-cap{color:#69727d;border:3px solid;background-color:transparent}.elementor-widget-text-editor:not(.elementor-drop-cap-view-default) .elementor-drop-cap{margin-top:8px}.elementor-widget-text-editor:not(.elementor-drop-cap-view-default) .elementor-drop-cap-letter{width:1em;height:1em}.elementor-widget-text-editor .elementor-drop-cap{float:left;text-align:center;line-height:1;font-size:50px}.elementor-widget-text-editor .elementor-drop-cap-letter{display:inline-block}<\/style>\t\t\t\t<p style=\"text-align: left;\">Descubra nossos projetos exclusivos em Wood Frame. Cada resid\u00eancia conta uma hist\u00f3ria \u00fanica, guiada pela nossa paix\u00e3o pela natureza e inova\u00e7\u00e3o em madeira.<\/p>\t\t\t\t\t\t<\/div>\n\t\t\t\t<\/div>\n\t\t\t\t\t<\/div>\n\t\t\t\t<\/div>\n\t\t\t\t<\/div>\n\t\t\t\t<section class=\"elementor-section elementor-top-section elementor-element elementor-element-a41e2b2 elementor-section-full_width elementor-section-height-default elementor-section-height-default\" data-id=\"a41e2b2\" data-element_type=\"section\">\n\t\t\t\t\t\t<div class=\"elementor-container elementor-column-gap-no\">\n\t\t\t\t\t<div class=\"elementor-column elementor-col-100 elementor-top-column elementor-element elementor-element-97c067e\" data-id=\"97c067e\" data-element_type=\"column\">\n\t\t\t<div class=\"elementor-widget-wrap elementor-element-populated\">\n\t\t\t\t\t\t<div class=\"elementor-element elementor-element-678bfde elementor-widget elementor-widget-spacer\" data-id=\"678bfde\" data-element_type=\"widget\" data-widget_type=\"spacer.default\">\n\t\t\t\t<div class=\"elementor-widget-container\">\n\t\t\t<style>\/*! elementor - v3.23.0 - 15-07-2024 *\/\n.elementor-column .elementor-spacer-inner{height:var(--spacer-size)}.e-con{--container-widget-width:100%}.e-con-inner>.elementor-widget-spacer,.e-con>.elementor-widget-spacer{width:var(--container-widget-width,var(--spacer-size));--align-self:var(--container-widget-align-self,initial);--flex-shrink:0}.e-con-inner>.elementor-widget-spacer>.elementor-widget-container,.e-con>.elementor-widget-spacer>.elementor-widget-container{height:100%;width:100%}.e-con-inner>.elementor-widget-spacer>.elementor-widget-container>.elementor-spacer,.e-con>.elementor-widget-spacer>.elementor-widget-container>.elementor-spacer{height:100%}.e-con-inner>.elementor-widget-spacer>.elementor-widget-container>.elementor-spacer>.elementor-spacer-inner,.e-con>.elementor-widget-spacer>.elementor-widget-container>.elementor-spacer>.elementor-spacer-inner{height:var(--container-widget-height,var(--spacer-size))}.e-con-inner>.elementor-widget-spacer.elementor-widget-empty,.e-con>.elementor-widget-spacer.elementor-widget-empty{position:relative;min-height:22px;min-width:22px}.e-con-inner>.elementor-widget-spacer.elementor-widget-empty .elementor-widget-empty-icon,.e-con>.elementor-widget-spacer.elementor-widget-empty .elementor-widget-empty-icon{position:absolute;top:0;bottom:0;left:0;right:0;margin:auto;padding:0;width:22px;height:22px}<\/style>\t\t<div class=\"elementor-spacer\">\n\t\t\t<div class=\"elementor-spacer-inner\"><\/div>\n\t\t<\/div>\n\t\t\t\t<\/div>\n\t\t\t\t<\/div>\n\t\t\t\t\t<\/div>\n\t\t<\/div>\n\t\t\t\t\t<\/div>\n\t\t<\/section>\n\t\t\t\t<section class=\"elementor-section elementor-top-section elementor-element elementor-element-a301033 elementor-section-full_width elementor-section-height-default elementor-section-height-default\" data-id=\"a301033\" data-element_type=\"section\">\n\t\t\t\t\t\t<div class=\"elementor-container elementor-column-gap-no\">\n\t\t\t\t\t<div class=\"elementor-column elementor-col-100 elementor-top-column elementor-element elementor-element-82b94f1\" data-id=\"82b94f1\" data-element_type=\"column\">\n\t\t\t<div class=\"elementor-widget-wrap elementor-element-populated\">\n\t\t\t\t\t\t<div class=\"elementor-element elementor-element-1927aa0 elementor-widget elementor-widget-larson-portfolio-carousel\" data-id=\"1927aa0\" data-element_type=\"widget\" data-widget_type=\"larson-portfolio-carousel.default\">\n\t\t\t\t<div class=\"elementor-widget-container\">\n\t\t\t\n\t\t<div class=\"article__main article__main--width-full container\">\n          <div class=\"article__projects-carousel projects-carousel swiper-container __js_projects-carousel \">\n                        <div class=\"swiper-wrapper\">\n              \n\n<a class=\"projects-carousel__item card card--carousel swiper-slide\" href=\"https:\/\/platanoincorporadora.com.br\/?portfolio=casa-vert-deltaville\">\n        <div class=\"card__image\">\n      <img decoding=\"async\" src=\"https:\/\/platanoincorporadora.com.br\/wp-content\/uploads\/2021\/08\/01-VERT-900x900.jpg\" alt=\"Casa VERT\" \/>\n    <\/div>\n        <div class=\"card__content\">\n            <h3 class=\"card__heading\">\n      \tCasa VERT      <\/h3>\n                  <div class=\"card__bottom\">\n        <span class=\"card__link\">\n          See project          <svg width=\"20\" height=\"20\">\n            <use xlink:href=\"#chevron-right\"><\/use>\n          <\/svg>\n        <\/span>\n      <\/div>\n    <\/div>\n<\/a>\n\n<a class=\"projects-carousel__item card card--carousel swiper-slide\" href=\"https:\/\/platanoincorporadora.com.br\/?portfolio=oliveiras-retreat-2\">\n        <div class=\"card__image\">\n      <img decoding=\"async\" src=\"https:\/\/platanoincorporadora.com.br\/wp-content\/uploads\/2024\/04\/CAMERA-02-noite_R00_View01_1-900x900.jpg\" alt=\"Oliveiras Retreat\" \/>\n    <\/div>\n        <div class=\"card__content\">\n            <h3 class=\"card__heading\">\n      \tOliveiras Retreat      <\/h3>\n                  <div class=\"card__bottom\">\n        <span class=\"card__link\">\n          See project          <svg width=\"20\" height=\"20\">\n            <use xlink:href=\"#chevron-right\"><\/use>\n          <\/svg>\n        <\/span>\n      <\/div>\n    <\/div>\n<\/a>\n\n<a class=\"projects-carousel__item card card--carousel swiper-slide\" href=\"https:\/\/platanoincorporadora.com.br\/?portfolio=haras-rio-do-ouro\">\n        <div class=\"card__image\">\n      <img decoding=\"async\" src=\"https:\/\/platanoincorporadora.com.br\/wp-content\/uploads\/2024\/04\/LR23_007-CAMERA-01_R00-900x900.jpg\" alt=\"Haras Rio do Ouro\" \/>\n    <\/div>\n        <div class=\"card__content\">\n            <h3 class=\"card__heading\">\n      \tHaras Rio do Ouro      <\/h3>\n                  <div class=\"card__bottom\">\n        <span class=\"card__link\">\n          See project          <svg width=\"20\" height=\"20\">\n            <use xlink:href=\"#chevron-right\"><\/use>\n          <\/svg>\n        <\/span>\n      <\/div>\n    <\/div>\n<\/a>\n\n<a class=\"projects-carousel__item card card--carousel swiper-slide\" href=\"https:\/\/platanoincorporadora.com.br\/?portfolio=casa-fort\">\n        <div class=\"card__image\">\n      <img decoding=\"async\" src=\"https:\/\/platanoincorporadora.com.br\/wp-content\/uploads\/2024\/04\/LR22_011-EXT-CAM01_R01-900x900.jpg\" alt=\"Casa FORT\" \/>\n    <\/div>\n        <div class=\"card__content\">\n            <h3 class=\"card__heading\">\n      \tCasa FORT      <\/h3>\n                  <div class=\"card__bottom\">\n        <span class=\"card__link\">\n          See project          <svg width=\"20\" height=\"20\">\n            <use xlink:href=\"#chevron-right\"><\/use>\n          <\/svg>\n        <\/span>\n      <\/div>\n    <\/div>\n<\/a>\n\n<a class=\"projects-carousel__item card card--carousel swiper-slide\" href=\"https:\/\/platanoincorporadora.com.br\/?portfolio=salta-montes\">\n        <div class=\"card__image\">\n      <img decoding=\"async\" src=\"https:\/\/platanoincorporadora.com.br\/wp-content\/uploads\/2024\/04\/LR23_011-CAM02_R04-900x900.jpg\" alt=\"Casa Salta Montes\" \/>\n    <\/div>\n        <div class=\"card__content\">\n            <h3 class=\"card__heading\">\n      \tCasa Salta Montes      <\/h3>\n                  <div class=\"card__bottom\">\n        <span class=\"card__link\">\n          See project          <svg width=\"20\" height=\"20\">\n            <use xlink:href=\"#chevron-right\"><\/use>\n          <\/svg>\n        <\/span>\n      <\/div>\n    <\/div>\n<\/a>\n\n<a class=\"projects-carousel__item card card--carousel swiper-slide\" href=\"https:\/\/platanoincorporadora.com.br\/?portfolio=the-house\">\n        <div class=\"card__image\">\n      <img decoding=\"async\" src=\"https:\/\/platanoincorporadora.com.br\/wp-content\/uploads\/2024\/05\/LR22_002-EXT-CAM01-NOTURNA-900x900.jpg\" alt=\"The House\" \/>\n    <\/div>\n        <div class=\"card__content\">\n            <h3 class=\"card__heading\">\n      \tThe House      <\/h3>\n                  <div class=\"card__bottom\">\n        <span class=\"card__link\">\n          See project          <svg width=\"20\" height=\"20\">\n            <use xlink:href=\"#chevron-right\"><\/use>\n          <\/svg>\n        <\/span>\n      <\/div>\n    <\/div>\n<\/a>\n\n<a class=\"projects-carousel__item card card--carousel swiper-slide\" href=\"https:\/\/platanoincorporadora.com.br\/?portfolio=ribanceira-village\">\n        <div class=\"card__image\">\n      <img decoding=\"async\" src=\"https:\/\/platanoincorporadora.com.br\/wp-content\/uploads\/2021\/06\/RIBA01-900x900.jpg\" alt=\"Ribanceira Village\" \/>\n    <\/div>\n        <div class=\"card__content\">\n            <h3 class=\"card__heading\">\n      \tRibanceira Village      <\/h3>\n                  <div class=\"card__bottom\">\n        <span class=\"card__link\">\n          See project          <svg width=\"20\" height=\"20\">\n            <use xlink:href=\"#chevron-right\"><\/use>\n          <\/svg>\n        <\/span>\n      <\/div>\n    <\/div>\n<\/a>\n\n<a class=\"projects-carousel__item card card--carousel swiper-slide\" href=\"https:\/\/platanoincorporadora.com.br\/?portfolio=tiny\">\n        <div class=\"card__image\">\n      <img decoding=\"async\" src=\"https:\/\/platanoincorporadora.com.br\/wp-content\/uploads\/2021\/06\/CAMERA-01_R00-1-900x675.jpg\" alt=\"Tiny\" \/>\n    <\/div>\n        <div class=\"card__content\">\n            <h3 class=\"card__heading\">\n      \tTiny      <\/h3>\n                  <div class=\"card__bottom\">\n        <span class=\"card__link\">\n          See project          <svg width=\"20\" height=\"20\">\n            <use xlink:href=\"#chevron-right\"><\/use>\n          <\/svg>\n        <\/span>\n      <\/div>\n    <\/div>\n<\/a>\n\n<a class=\"projects-carousel__item card card--carousel swiper-slide\" href=\"https:\/\/platanoincorporadora.com.br\/?portfolio=capela\">\n        <div class=\"card__image\">\n      <img decoding=\"async\" src=\"https:\/\/platanoincorporadora.com.br\/wp-content\/uploads\/2021\/06\/CAPELA-02-900x900.jpg\" alt=\"Capela\" \/>\n    <\/div>\n        <div class=\"card__content\">\n            <h3 class=\"card__heading\">\n      \tCapela      <\/h3>\n                  <div class=\"card__bottom\">\n        <span class=\"card__link\">\n          See project          <svg width=\"20\" height=\"20\">\n            <use xlink:href=\"#chevron-right\"><\/use>\n          <\/svg>\n        <\/span>\n      <\/div>\n    <\/div>\n<\/a>            <\/div>\n            \n            <div class=\"projects-carousel__navigation\">\n              <button class=\"projects-carousel__next\" type=\"button\" aria-label=\"next\">\n                <svg width=\"64\" height=\"64\">\n                  <use xlink:href=\"#chevron-right\"><\/use>\n                <\/svg>\n              <\/button>\n              <button class=\"projects-carousel__prev\" type=\"button\" aria-label=\"prev\">\n                <svg width=\"64\" height=\"64\">\n                  <use xlink:href=\"#chevron-left\"><\/use>\n                <\/svg>\n              <\/button>\n            <\/div>\n            <div class=\"swiper-scrollbar\"><\/div>\n          <\/div>\n        <\/div>\n\n\t\t\t\t<\/div>\n\t\t\t\t<\/div>\n\t\t\t\t\t<\/div>\n\t\t<\/div>\n\t\t\t\t\t<\/div>\n\t\t<\/section>\n\t\t\t\t<\/div>\n\t\t","protected":false},"excerpt":{"rendered":"<p>Projetos Descubra nossos projetos exclusivos em Wood Frame. Cada resid\u00eancia conta uma hist\u00f3ria \u00fanica, guiada pela nossa paix\u00e3o pela natureza e inova\u00e7\u00e3o em madeira. Haras Rio do Ouro Ver Projeto Casa FORT Ver Projeto Casa Salta Montes Ver Projeto The House Ver Projeto Ribanceira Village Ver Projeto Tiny Ver Projeto&#8230; <\/p>\n<div class=\"readmore\"><a href=\"https:\/\/platanoincorporadora.com.br\/?portfolio=capela\" class=\"btn-link\">Read more<\/a><\/div>\n","protected":false},"author":1,"featured_media":0,"parent":0,"menu_order":0,"comment_status":"closed","ping_status":"closed","template":"template-elementor-default.php","meta":{"_monsterinsights_skip_tracking":false,"_monsterinsights_sitenote_active":false,"_monsterinsights_sitenote_note":"","_monsterinsights_sitenote_category":0,"footnotes":""},"class_list":["post-460","page","type-page","status-publish","hentry"],"acf":[],"aioseo_notices":[],"_links":{"self":[{"href":"https:\/\/platanoincorporadora.com.br\/index.php?rest_route=\/wp\/v2\/pages\/460","targetHints":{"allow":["GET"]}}],"collection":[{"href":"https:\/\/platanoincorporadora.com.br\/index.php?rest_route=\/wp\/v2\/pages"}],"about":[{"href":"https:\/\/platanoincorporadora.com.br\/index.php?rest_route=\/wp\/v2\/types\/page"}],"author":[{"embeddable":true,"href":"https:\/\/platanoincorporadora.com.br\/index.php?rest_route=\/wp\/v2\/users\/1"}],"replies":[{"embeddable":true,"href":"https:\/\/platanoincorporadora.com.br\/index.php?rest_route=%2Fwp%2Fv2%2Fcomments&post=460"}],"version-history":[{"count":16,"href":"https:\/\/platanoincorporadora.com.br\/index.php?rest_route=\/wp\/v2\/pages\/460\/revisions"}],"predecessor-version":[{"id":2498,"href":"https:\/\/platanoincorporadora.com.br\/index.php?rest_route=\/wp\/v2\/pages\/460\/revisions\/2498"}],"wp:attachment":[{"href":"https:\/\/platanoincorporadora.com.br\/index.php?rest_route=%2Fwp%2Fv2%2Fmedia&parent=460"}],"curies":[{"name":"wp","href":"https:\/\/api.w.org\/{rel}","templated":true}]}}